test common factor of 231 and t.
77
Suppose 4*x = 4 + 24. Let o(j) = 654*j + 3326. Let t be o(-5). Calculate the greatest common divisor of t and x.
7
Suppose -68*w = 33*w - 8686. Calculate the highest common factor of w and 2.
2
Let z be 23*(0 + 3) - 1*(-44 + 36). Let c(q) = -6*q + 1. Let u be c(-1). What is the greatest common divisor of z and u?
7
Let p = -475 - -506. What is the greatest common divisor of p and 217?
31
Let h be 10*-4*9/4*-7. Let v be ((-2)/6)/((-10)/h). Suppose -u + 7 = -0*u. Calculate the highest common divisor of v and u.
7
Suppose 17*o - 5*o - 21000 = -0*o. Calculate the greatest common factor of o and 42.
14
Let q be -109 + (-4 - (-2 + 1)). Let t = q - -162. Let k be 2/(-6) + t/6. What is the highest common factor of 24 and k?
8
Let l(p) = -1130*p - 6389. Let s be l(-25). What is the greatest common factor of 63 and s?
63
Let j(g) = -10*g + 325. Let p be j(0). Let r = -285 + p. Calculate the highest common divisor of r and 20.
20
Suppose -3*o - 17 + 50 = 0. Let i be 14/21 + 48/(-168)*917/(-3). What is the greatest common factor of o and i?
11
Suppose 2*y - 3*v = -228, -2*v + 483 + 87 = -5*y. Let d be (-58)/(-12) + (-19)/y. Let s be 0 + 1 + 23 + 1. What is the highest common factor of d and s?
5
Let p(x) = -x**3 + 16*x**2 + 18. Let b be p(16). Suppose w - 206 = -3*v + 3*w, 0 = -2*w + 10. What is the highest common factor of b and v?
18
Let q(y) = 21*y**2 - 29*y + 6. Suppose 4*n = -2*v - 14, 4*n - 2*v + 27 = -7. Let a be q(n). What is the greatest common factor of a and 36?
36
Let b = 8484 + -8415. What is the greatest common factor of 8832 and b?
69
Let u(g) = 30*g**2 + 4*g - 79. Let i be u(7). What is the greatest common divisor of i and 165?
33
Suppose 5*q + 3*b = 268, 144 = 5*q + 2*b - 128. Let i be (108 + -107)*(5/(-15) + (-43)/(-3)). Calculate the highest common factor of i and q.
14
Let r be 1 - (-34)/(-30) - (-19548)/810. Suppose 25*n = r*n + 384. Calculate the highest common factor of n and 6.
6
Let i = -11181 + 11559. What is the greatest common factor of 2376 and i?
54
Let j = -960 - -966. Suppose 0 = -j*v - 64 + 268. What is the greatest common divisor of 731 and v?
17
Let r(d) = -6097*d - 249. Let v be r(-1). What is the greatest common divisor of v and 34?
34
Let i(x) be the second derivative of x**4/4 + 7*x**3/6 - 4*x**2 - x. Let n = -9424 + 9427. Let b be i(n). Calculate the highest common divisor of 4 and b.
4
Let a(b) = -63*b + 54. Let m be a(-2). What is the highest common divisor of m and 324?
36
Let f = 21366 - 19445. What is the highest common divisor of f and 1808?
113
Let s be (-112)/5 - (4/10)/(-1). Let t(c) = -c - 25. Let w be t(s). Let x be w - 0 - -2*(10 + -1). What is the greatest common factor of 3 and x?
3
Let p(g) = 6*g + 69. Let c be p(-8). Suppose t = -11 + c. What is the highest common divisor of 4 and t?
2
Let r = 13 - -21. Let d = r - 22. What is the highest common divisor of 300 and d?
12
Let w be 30 + (-72)/8 + 5. Let b = 24 + -22. Let q = b + 37. Calculate the highest common divisor of q and w.
13
Let q = -104 - -52. Let k = 112 + q. What is the highest common divisor of 90 and k?
30
Suppose 8*l - 420 = 3*l. Let o = -98 + 98. Let s be (109/4 - o) + (-3)/(-4). Calculate the greatest common divisor of s and l.
28
Suppose 17*b - 350262 = -192*b + 755139. What is the highest common factor of 86 and b?
43
Let s be -2 + (50/18 - 14/(-63)). Suppose -5*r - 4*n + 42 = 0, 3 = -n + s. Let v be (294/r + 1)/(4/20). Calculate the greatest common divisor of 19 and v.
19
Let p be 1/8*2 - 3255/(-20). Let y = 194 - p. Suppose -5*x - 5*d = -3*x - 434, 0 = 2*d. What is the highest common factor of y and x?
31
Let g = -3889 + 4349. What is the greatest common divisor of g and 100?
20
Let d = 1657 + 822. Calculate the highest common divisor of d and 134.
67
Let w(d) = 2*d + 38. Let x be w(0). Let r be 3412/36 + (-15)/(-6)*4/45. Calculate the greatest common factor of r and x.
19
Let x = -1074 + 1093. Calculate the highest common divisor of 5833 and x.
19
Let f be ((-1359 - 6) + -10)*-1. Calculate the highest common divisor of f and 33.
11
Let j be (-48620)/(-325) - (64/(-60) - (-4)/6). What is the highest common factor of j and 410?
10
Suppose 1072 = 21*f - 25*f. Let j be 2/10 + (-144)/45 - f. What is the highest common factor of j and 106?
53
Suppose -7*m + 5*m + 112 = 0. Suppose -97 = -4*h - 3*c, -3*c - 35 = -20. Calculate the greatest common factor of m and h.
28
Let f be (3/((-3)/2))/((-17)/(-1054)). Let g be ((-28)/(-10))/(5 + f/25). Calculate the greatest common factor of 10 and g.
10
Let j(d) = -3*d**3 - d**2 - 6*d + 5. Let p be j(3). Let b = 418 + p. Suppose b = 6*r - r. Calculate the greatest common factor of 42 and r.
21
Let a(j) = 2*j**2 - j + 12. Let o be a(6). Let k = 17 + o. Suppose 5*l - 133 = 3*h - 23, 0 = 5*l + h - 90. What is the highest common factor of l and k?
19
Let s(w) = -514*w - 634. Let o be s(-5). What is the highest common factor of 48 and o?
16
Let r(i) = -i**3 - 6*i**2 + 9*i + 10. Let j be r(-8). Let x be (2 - (-1 - 14)) + -11. What is the greatest common factor of j and x?
6
Let g(d) = 16*d**3 + 36*d**2 - 193*d + 12. Let i be g(5). What is the highest common divisor of 198 and i?
33
Let h(g) = -g**2 + 42*g + 241. Let o be h(-5). What is the greatest common divisor of 5010 and o?
6
Suppose 659*t + 2294784 = 851*t. Calculate the greatest common divisor of t and 32.
16
Suppose 25*u - 23430 = 3*u. Suppose -11*q = -10*q - u. Calculate the greatest common divisor of q and 15.
15
Let i(f) = -f**3 - 23*f**2 - 23*f - 523. Let t be i(-23). Calculate the greatest common divisor of 6870 and t.
6
Let r(z) = -5*z**2 - 175*z - 112. Let k be r(-19). Calculate the greatest common divisor of k and 132.
44
Let w(s) = -s**3 - 13*s**2 - 2*s - 33. Let p be w(-13). Let r be p/35 + (-753)/(-15). Calculate the greatest common factor of 25 and r.
25
Suppose -312 - 247 = -7*c + 1793. Calculate the highest common divisor of c and 1232.
112
Suppose 5*o + 2*o - 1330 = 0. What is the greatest common factor of 200 and o?
10
Let m = -502 + 207. Let v = -284 - m. What is the greatest common factor of 891 and v?
11
Let g be 6150/10*((-40)/28)/(1/(-7)). Calculate the greatest common divisor of 450 and g.
150
Let x(i) = 25*i + 1150. Let d be x(-27). What is the highest common divisor of d and 247?
19
Suppose -4*g + l = -30, -3*g + 5 + 8 = 4*l. Suppose -g*s = 5*t - 10*s - 138, -2*t = 5*s - 49. Calculate the greatest common divisor of t and 108.
27
Let u(g) = -g**2 - 5*g + 39. Let v be u(-9). Suppose 16*r + v*n = 18*r - 1026, -3*r - 2*n + 1513 = 0. What is the highest common factor of r and 52?
13
Let v(w) = 4*w - 10. Let c be v(13). Let y = c + -25. Suppose -2779 + 875 = -8*m. What is the highest common factor of y and m?
17
Suppose 161*o - 236*o - 252*o + 3270 = 0. Calculate the greatest common factor of o and 1090.
10
Let b(o) = -30*o - 12. Let c be b(5). Let f = -151 - c. What is the highest common divisor of f and 187?
11
Let l = 2514 - 410. What is the greatest common divisor of 1 and l?
1
Let c = 13 + 7. Suppose 136*l - 12 = 137*l. Let i be 7 + 1/((44/l)/11). What is the greatest common divisor of c and i?
4
Let r be (-1 - -763)*-1*(310 + -314). What is the greatest common factor of r and 48?
24
Let r = 840 + -835. Suppose a - 193 - 339 = -2*x, 2649 = r*a - x. What is the highest common divisor of 318 and a?
106
Suppose -14*i + 1064 = 8*i - 3*i. Calculate the highest common divisor of 16 and i.
8
Let c be (-64)/12*(-3)/(-2)*-1. Suppose -13*a + 84 = c*a. Calculate the greatest common divisor of a and 40.
4
Let p = 8 + -6. Suppose v - 3 = -p. Let f(o) = -6*o**2 - 44*o - 61. Let d be f(-5). What is the greatest common divisor of d and v?
1
Let y be 354/(-4)*(-18)/27. Let h = y + -58. What is the highest common divisor of 7 and h?
1
Suppose 0*c - 3*d - 249 = -2*c, 0 = 4*c + d - 463. Let w be 6*(0 + c/6). Suppose 2*t = w + 213. Calculate the highest common divisor of 110 and t.
55
Suppose -22314 - 5996 = -34*v - 22. What is the highest common divisor of v and 169?
13
Suppose -33051 = -75*f + 5*f + 8529. What is the highest common factor of f and 506?
22
Let p(y) = -9*y + 24 - 14 + 39 + 80. Let j be p(-37). What is the greatest common factor of 126 and j?
42
Suppose 2*r - 11*r = -3*i + 99, 5*i - r - 137 =